late the greatest common divisor of 37 and l.
37
Suppose 5*u - 87 = -47. Calculate the greatest common factor of u and 36.
4
Let b(n) be the first derivative of -27*n**2/2 - 2*n + 3. Let v be b(-7). Let s(x) = x + 4. Let z be s(13). Calculate the greatest common factor of z and v.
17
Let l(k) = -18*k - 153. Let h be l(-11). Calculate the greatest common factor of h and 63.
9
Let w = -204 + 211. Calculate the greatest common factor of w and 49.
7
Let s be 4/(12/(-39)) - -1. Let g be 4*s/40*(-4 + -1). What is the highest common factor of 3 and g?
3
Let z = 29 + -14. Suppose -120 = -5*i + 105. What is the greatest common factor of z and i?
15
Let x(i) = -i**3 + 6*i**2 + 4*i + 14. Let l be x(8). Let k = l - -190. Let o be 18/2*(0 - -3). What is the highest common factor of k and o?
27
Let u(d) = 10*d**2 + 5*d - 3. Let r be u(3). Let a = -60 + r. Calculate the highest common divisor of a and 63.
21
Let u be (-2)/5*(-120)/16. Suppose u*h - 103 = 2*m, -5*h = -h + 5*m - 122. Calculate the highest common factor of 99 and h.
33
Let f = -19 - -26. Let n = 27 - f. What is the highest common factor of n and 4?
4
Let r = 1496 + -980. Suppose 0 = -5*y + r + 44. Calculate the greatest common divisor of 14 and y.
14
Let p = 312 + -163. Let u = p + -5. What is the greatest common divisor of u and 18?
18
Let k be 3 + -7 + 5/((-25)/(-220)). What is the highest common factor of 56 and k?
8
Let j(w) = -w + 6. Let i be 1/3*(-75)/5. Let t be j(i). Calculate the highest common factor of 11 and t.
11
Suppose p + 7 = 2*l, p + 3*l = -2*p + 24. Suppose -p + 20 = m. What is the highest common divisor of m and 51?
17
Let g(z) = z - 4. Let c be g(-3). Let s = c - -23. What is the highest common divisor of 176 and s?
16
Suppose 20 = -2*r + 24. Suppose 2*c + r*w = 6*w + 64, -5*w - 20 = -c. Suppose 24 = 4*j - 2*x, -3*x + 9 + 0 = 3*j. What is the greatest common factor of c and j?
5
Suppose -10 = -4*p + 19*j - 21*j, 0 = -5*p - 3*j + 12. Let v(l) = l**3 - l**2 + 3*l - 3. Let i be v(3). What is the highest common divisor of p and i?
3
Let o = 22 + -22. Suppose i = 3*n + 55, n - 2*n - 5 = o. Let s be (-4)/(-7) + i/28. Calculate the highest common factor of s and 5.
1
Suppose 56*h - 608 = 18*h. Calculate the highest common divisor of h and 200.
8
Suppose 51*a + 52 = 25*a. Let j = -4 - 8. Let r be 133 + (a - j/3). Calculate the greatest common divisor of 15 and r.
15
Suppose -3*a - 5*d = -7 - 6, -a - 2*d = -4. Suppose a*c - 825 = c. Let m = 47 - 32. What is the highest common factor of c and m?
15
Let g be 248/18 + (-4)/(-18). Suppose 51*f - 24 - 27 = 0. What is the greatest common divisor of g and f?
1
Let h = -171 + 210. What is the greatest common divisor of h and 429?
39
Suppose r - 174 = -5*r. Let k = r - 4. Calculate the highest common factor of k and 225.
25
Suppose 3*o - 183 + 36 = 0. Let b = -68 + 75. Calculate the greatest common divisor of b and o.
7
Suppose -r + 2*x + x = -2, 18 = 3*r - 3*x. Calculate the greatest common divisor of r and 200.
8
Let b(y) = -y - 4. Let m be b(-9). Suppose -f + 18 = m*f. Let o be f/((-30)/(-35))*12. Calculate the greatest common divisor of 14 and o.
14
Let c(p) = 3*p**2 - 2*p + 3. Let m be c(1). Let v(o) = -17*o - 6. Let b be v(-2). Calculate the greatest common divisor of m and b.
4
Let s be 13/((-3)/27*-1). Suppose 2*a - 3*c = 6*a - 52, -2*a - 4*c + 26 = 0. What is the highest common factor of a and s?
13
Let d = -6 + 8. Let g be ((-4)/(-6))/(-1*(-1)/33). What is the greatest common factor of d and g?
2
Let j(x) = -114*x + 988. Let o be j(8). Suppose 5*i - r + 21 = 113, 4*r = 12. Calculate the highest common factor of o and i.
19
Let c = -1025 + 1029. What is the greatest common factor of 30 and c?
2
Suppose 4*m + p = 148, 4*p - 3*p = 0. Let q = 43 - m. Calculate the greatest common divisor of q and 18.
6
Let z be 2/(-3) - (-64)/6. Let m(n) = 9*n - n**3 + 0*n**3 + n + 10 + 6*n + 14*n**2. Let h be m(15). What is the greatest common divisor of h and z?
5
Let b(r) = r + 38. Let s be b(-22). Let w = -83 - -227. Calculate the highest common divisor of w and s.
16
Let z(i) = -2*i**3 + 81*i**2 - 39*i + 4. Let w be z(40). Calculate the highest common factor of w and 2024.
44
Let i be ((144/5)/4)/(2/(-10)). Let r = -26 - i. Calculate the highest common factor of 90 and r.
10
Suppose 0 = -6*b + b + 15. Suppose -65 = -2*o + b*z + 7, -76 = -2*o + 4*z. Suppose -10*q = -1160 + 410. What is the greatest common factor of q and o?
15
Suppose -4*k + 1 = -3. Let q = k + 8. Calculate the greatest common divisor of 1 and q.
1
Suppose 0*h + 6*h - 18 = 0. Suppose 3*k - 28 = -h*m + 41, k - 3*m = 27. Calculate the highest common divisor of 32 and k.
8
Suppose 0 = -4*a + 31 + 9. Let k(t) = t**3 + 14*t**2 - 15*t + 4. Let w be k(-15). Let o be (-96)/36*(-105)/w. What is the highest common factor of o and a?
10
Let p = 703 - 694. What is the greatest common factor of p and 504?
9
Suppose 3*v = -5*g + 42, g + 10 = 7. Suppose 3*o = -10 + 67. Let r be o*3/((-3)/(-8)). What is the highest common divisor of v and r?
19
Let o = -71 - -91. Let n = -244 - -424. Calculate the highest common divisor of o and n.
20
Let z(r) = 30 - r**3 + 2*r**3 + 211*r + 10*r**2 - 210*r. Let o be z(-10). Calculate the greatest common factor of o and 20.
20
Let z = 61 + 100. What is the highest common divisor of 14 and z?
7
Let b = 7 - 1. Suppose l + 15 = 2*a, -5*l = -11 + 36. Suppose 17 = -0*p - p + 5*k, p - 2*k = -a. What is the highest common factor of b and p?
3
Suppose -2*o = -3*o - 10. Suppose -1494 - 1014 = 3*l. Let q be o/(-35) + l/(-14). Calculate the highest common divisor of 15 and q.
15
Let k(n) = n**3 + n**2 + 3. Suppose -3*z - z = 0. Let a be k(z). Suppose 0*v - a*v + 90 = 0. Calculate the highest common factor of v and 45.
15
Suppose -9*c = 5*c - 56. Suppose -24*o + 320 = -c*o. What is the greatest common factor of o and 80?
16
Let i be 3/4 - (-2036)/16. Suppose -7*d = -25 - 45. Let b = d + 6. Calculate the highest common divisor of i and b.
16
Suppose 2549 = 40*p - 12331. Calculate the highest common divisor of p and 24.
12
Let t be (1 - 16/(-12))/(2/6). Suppose t*w = 84 + 70. Calculate the greatest common divisor of 33 and w.
11
Let m be (-9)/(15 - 6) - -375. Calculate the greatest common divisor of m and 66.
22
Let z(i) = i**2 - i - 11. Let o be z(8). Suppose -3*n = o + 105. Let p = n + 140. Calculate the greatest common divisor of 10 and p.
10
Let a(m) = -m**2 - 4*m + 24. Let o(h) = -h**2 - 13*h - 6. Let j be o(-13). Let z be a(j). What is the highest common factor of z and 12?
12
Let k be -6 + 13/(78/192). Calculate the highest common factor of k and 234.
26
Let p(r) = 26*r**2 + 10*r + 22. Let g be p(-2). Calculate the highest common factor of 1696 and g.
106
Let g(a) = a + 20. Let t be g(-4). Calculate the greatest common factor of 152 and t.
8
Let y(r) = -10*r**3 - r**2 + r + 2. Let k be y(-2). Let l be (-285)/k*(-16)/6. Calculate the highest common divisor of 25 and l.
5
Suppose 10 = 11*a - 111. Let s = 125 - 48. Calculate the highest common divisor of s and a.
11
Let x be 3/21 - (-41220)/70. Calculate the greatest common divisor of x and 19.
19
Suppose 3*n + 2*n = 10. Let i be -33*n*(-3)/9. Suppose -t - 215 = -4*c, -4*c = c + 2*t - 285. What is the highest common factor of i and c?
11
Let x = -52 + 71. Calculate the highest common factor of 323 and x.
19
Suppose -4*o - 3*a = -64, 32*o - 30*o + 2*a = 32. Calculate the greatest common factor of 496 and o.
16
Suppose 2*r + 4*z = 5*r - 493, -3*z = -3*r + 489. What is the greatest common divisor of 212 and r?
53
Let z(f) = -f**3 - 13*f**2 - 11*f - 17. Let m be z(-13). Calculate the greatest common factor of m and 14.
14
Let j(g) = -g**3 + 13*g**2 - 17*g - 25. Let w be j(11). What is the greatest common divisor of 12 and w?
6
Suppose b = -4*s + 133 + 147, 0 = -5*s - 2*b + 347. Suppose 3*i - 4*l - s = 0, 5*i + 4*l = 52 + 45. What is the greatest common divisor of i and 3?
3
Suppose -4*i = 40*z - 41*z - 155, 2*z = -2*i + 90. Let y(b) = 49*b**2 + 3*b - 2. Let g be y(2). Calculate the greatest common factor of i and g.
40
Suppose 12*b - 7*b - 289 = 3*g, -5*b - 2*g = -274. Calculate the greatest common divisor of b and 63.
7
Suppose -2*m + 121 = -2*o + 7*o, 58 = 2*o + 4*m. Suppose 0 = 5*c + 5*z, -2*z + 6 = -0*z. Let w = o + c. C